 the units digit of 4636?
6
What is the thousands digit of 152564?
2
What is the units digit of 165?
5
What is the tens digit of 1619?
1
What is the hundreds digit of 3360?
3
What is the ten thousands digit of 12370?
1
What is the thousands digit of 9652?
9
What is the ten thousands digit of 28553?
2
What is the tens digit of 1269?
6
What is the ten thousands digit of 25428?
2
What is the units digit of 326?
6
What is the thousands digit of 2131?
2
What is the thousands digit of 1161?
1
What is the thousands digit of 83358?
3
What is the tens digit of 4885?
8
What is the units digit of 8883?
3
What is the tens digit of 12907?
0
What is the tens digit of 3844?
4
What is the ten thousands digit of 67826?
6
What is the units digit of 400?
0
What is the thousands digit of 2526?
2
What is the units digit of 3411?
1
What is the units digit of 7615?
5
What is the thousands digit of 1534?
1
What is the hundreds digit of 282?
2
What is the tens digit of 2399?
9
What is the thousands digit of 88817?
8
What is the hundreds digit of 63109?
1
What is the units digit of 14926?
6
What is the tens digit of 9295?
9
What is the units digit of 1983?
3
What is the hundreds digit of 5167?
1
What is the tens digit of 650?
5
What is the tens digit of 8915?
1
What is the ten thousands digit of 17795?
1
What is the units digit of 1677?
7
What is the thousands digit of 18760?
8
What is the hundreds digit of 924?
9
What is the tens digit of 2734?
3
What is the hundreds digit of 32962?
9
What is the tens digit of 13327?
2
What is the units digit of 26902?
2
What is the tens digit of 61890?
9
What is the units digit of 70?
0
What is the hundreds digit of 18171?
1
What is the hundreds digit of 793?
7
What is the tens digit of 119147?
4
What is the thousands digit of 1034?
1
What is the ten thousands digit of 32443?
3
What is the units digit of 277?
7
What is the units digit of 684?
4
What is the tens digit of 3315?
1
What is the units digit of 6331?
1
What is the units digit of 1082?
2
What is the hundreds digit of 958?
9
What is the thousands digit of 1802?
1
What is the units digit of 317?
7
What is the units digit of 303?
3
What is the units digit of 4026?
6
What is the units digit of 88531?
1
What is the thousands digit of 8247?
8
What is the units digit of 29235?
5
What is the hundreds digit of 1033?
0
What is the units digit of 7437?
7
What is the ten thousands digit of 37043?
3
What is the units digit of 3018?
8
What is the thousands digit of 33150?
3
What is the units digit of 1488?
8
What is the units digit of 1052?
2
What is the thousands digit of 8898?
8
What is the units digit of 26061?
1
What is the hundreds digit of 3214?
2
What is the tens digit of 41704?
0
What is the thousands digit of 2418?
2
What is the units digit of 484?
4
What is the tens digit of 597?
9
What is the thousands digit of 1850?
1
What is the units digit of 28430?
0
What is the thousands digit of 7712?
7
What is the units digit of 26551?
1
What is the thousands digit of 3029?
3
What is the hundreds digit of 7274?
2
What is the thousands digit of 1223?
1
What is the tens digit of 3600?
0
What is the hundreds digit of 312?
3
What is the tens digit of 146862?
6
What is the units digit of 1416?
6
What is the units digit of 3462?
2
What is the hundred thousands digit of 138374?
1
What is the thousands digit of 19392?
9
What is the tens digit of 23372?
7
What is the units digit of 2215?
5
What is the tens digit of 7233?
3
What is the hundreds digit of 14633?
6
What is the hundreds digit of 42540?
5
What is the units digit of 1093?
3
What is the hundreds digit of 9546?
5
What is the tens digit of 2564?
6
What is the thousands digit of 5994?
5
What is the hundreds digit of 21898?
8
What is the thousands digit of 3827?
3
What is the ten thousands digit of 12550?
1
What is the ten thousands digit of 16248?
1
What is the thousands digit of 16462?
6
What is the units digit of 6022?
2
What is the thousands digit of 18164?
8
What is the hundreds digit of 46033?
0
What is the hundreds digit of 476?
4
What is the thousands digit of 45150?
5
What is the tens digit of 8783?
8
What is the hundreds digit of 8481?
4
What is the units digit of 2430?
0
What is the units digit of 827?
7
What is the units digit of 5256?
6
What is the tens digit of 12198?
9
What is the thousands digit of 2282?
2
What is the thousands digit of 20038?
0
What is the units digit of 794?
4
What is the hundreds digit of 68405?
4
What is the thousands digit of 14299?
4
What is the ten thousands digit of 27182?
2
What is the units digit of 3141?
1
What is the hundreds digit of 410?
4
What is the thousands digit of 1790?
1
What is the hundreds digit of 168754?
7
What is the tens digit of 7052?
5
What is the tens digit of 69250?
5
What is the units digit of 1305?
5
What is the tens digit of 254?
5
What is the units digit of 3967?
7
What is the hundreds digit of 33498?
4
What is the hundreds digit of 74892?
8
What is the units digit of 113029?
9
What is the hundreds digit of 2105?
1
What is the tens digit of 2332?
3
What is the tens digit of 579?
7
What is the units digit of 154?
4
What is the hundreds digit of 7006?
0
What is the tens digit of 22988?
8
What is the tens digit of 721?
2
What is the hundreds digit of 1359?
3
What is the hundreds digit of 1833?
8
What is the units digit of 807?
7
What is the thousands digit of 1766?
1
What is the thousands digit of 8060?
8
What is the units digit of 40?
0
What is the tens digit of 11585?
8
What is the thousands digit of 3935?
3
What is the hundreds digit of 665?
6
What is the tens digit of 1608?
0
What is the hundreds digit of 35729?
7
What is the units digit of 4443?
3
What is the thousands digit of 1689?
1
What is the hundreds digit of 1392?
3
What is the thousands digit of 6384?
6
What is the hundreds digit of 1215?
2
What is the tens digit of 15684?
8
What is the hundreds digit of 2137?
1
What is the thousands digit of 2726?
2
What is the hundreds digit of 611?
6
What is the hundreds digit of 4203?
2
What is the units digit of 926?
6
What is the thousands digit of 11424?
1
What is the tens digit of 27432?
3
What is the thousands digit of 4090?
4
What is the tens digit of 1080?
8
What is the units digit of 844?
4
What is the hundreds digit of 5822?
8
What is the tens digit of 71808?
0
What is the ten thousands digit of 10570?
1
What is the thousands digit of 31254?
1
What is the units digit of 882?
2
What is the units digit of 4746?
6
What is the ten thousands digit of 42171?
4
What is the thousands digit of 43337?
3
What is the thousands digit of 29118?
9
What is the units digit of 7038?
8
What is the tens digit of 9935?
3
What is the hundreds digit of 4823?
8
What is the units digit of 51430?
0
What is the units digit of 10?
0
What is the thousands digit of 2313?
2
What is the units digit of 11001?
1
What is the hundreds digit of 7698?
6
What is the tens digit of 3641?
4
What is the units digit of 3990?
0
What is the units digit of 674?
4
What is the tens digit of 806?
0
What is the hundreds digit of 1387?
3
What is the units digit of 104?
4
What is the units digit of 771?
1
What is the units digit of 79571?
1
What is the tens digit of 779?
7
What is the tens digit of 13071?
7
What is the hundreds digit of 63510?
5
What is the ten thousands digit of 16987?
1
What is the tens digit of 709?
0
What is the units digit of 539?
9
What is the units digit of 2856?
6
What is the thousands digit of 8988?
8
What is the tens digit of 2715?
1
What is the units digit of 13?
3
What is the hundreds digit of 435?
4
What is the thousands digit of 4617?
4
What is the hundreds digit of 4514?
5
What is the tens digit of 1427?
2
What is the hundreds digit of 4188?
1
What is the thousands digit of 2736?
2
What is the thousands digit of 24334?
4
What is the hundreds digit of 56295?
2
What is the units digit of 18093?
3
What is the tens digit of 10465?
6
What is the hundreds digit of 5317?
3
What is the tens digit of 44542?
4
What is the tens digit of 4300?
0
What is the tens digit of 15837?
3
What is the tens digit of 12071?
7
What is the units digit of 2515?
5
What is the tens digit of 621?
2
What is the hundreds digit of 48606?
6
What is the thousands digit of 71544?
1
What is the hundreds digit of 5786?
7
